ided by 351?
347
Calculate the remainder when 332267 is divided by 110749.
20
Calculate the remainder when 9098 is divided by 227.
18
What is the remainder when 16343 is divided by 1256?
15
What is the remainder when 1647 is divided by 796?
55
Calculate the remainder when 196539 is divided by 10.
9
What is the remainder when 12169 is divided by 78?
1
What is the remainder when 1004591 is divided by 11?
5
Calculate the remainder when 115 is divided by 106.
9
What is the remainder when 19076 is divided by 9371?
334
What is the remainder when 10688 is divided by 563?
554
What is the remainder when 24237 is divided by 202?
199
What is the remainder when 38358 is divided by 148?
26
Calculate the remainder when 18340 is divided by 62.
50
What is the remainder when 5331 is divided by 468?
183
Calculate the remainder when 270014 is divided by 299.
17
Calculate the remainder when 101263 is divided by 129.
127
What is the remainder when 2270 is divided by 443?
55
Calculate the remainder when 11347 is divided by 88.
83
Calculate the remainder when 4812 is divided by 26.
2
Calculate the remainder when 849502 is divided by 1699.
2
Calculate the remainder when 9439 is divided by 3113.
100
What is the remainder when 175 is divided by 136?
39
What is the remainder when 290979 is divided by 43?
41
What is the remainder when 336000 is divided by 4148?
12
Calculate the remainder when 11103 is divided by 654.
639
Calculate the remainder when 242 is divided by 165.
77
What is the remainder when 288 is divided by 41?
1
What is the remainder when 566533 is divided by 537?
535
Calculate the remainder when 10858 is divided by 117.
94
What is the remainder when 1098493 is divided by 274621?
9
What is the remainder when 124798 is divided by 3?
1
What is the remainder when 178238 is divided by 143?
60
Calculate the remainder when 86294 is divided by 29.
19
Calculate the remainder when 186772 is divided by 1610.
12
What is the remainder when 2255060 is divided by 868?
864
Calculate the remainder when 11845 is divided by 65.
15
Calculate the remainder when 223 is divided by 40.
23
Calculate the remainder when 2279 is divided by 1043.
193
Calculate the remainder when 1499 is divided by 1450.
49
What is the remainder when 151553 is divided by 31?
25
What is the remainder when 13869812 is divided by 763?
761
Calculate the remainder when 225060 is divided by 20.
0
What is the remainder when 32654 is divided by 371?
6
What is the remainder when 53085 is divided by 247?
227
Calculate the remainder when 5401 is divided by 47.
43
Calculate the remainder when 195907 is divided by 274.
271
What is the remainder when 665 is divided by 160?
25
What is the remainder when 65913 is divided by 29?
25
What is the remainder when 116529 is divided by 3?
0
What is the remainder when 15314 is divided by 1700?
14
Calculate the remainder when 65518 is divided by 7.
5
Calculate the remainder when 2270 is divided by 419.
175
Calculate the remainder when 6954 is divided by 2315.
9
Calculate the remainder when 139297 is divided by 156.
145
What is the remainder when 8055 is divided by 8047?
8
What is the remainder when 2159 is divided by 483?
227
What is the remainder when 3290075 is divided by 463?
460
What is the remainder when 114718 is divided by 2389?
46
Calculate the remainder when 14953 is divided by 1068.
1
What is the remainder when 165267 is divided by 1413?
1359
Calculate the remainder when 1207 is divided by 383.
58
What is the remainder when 9040 is divided by 10?
0
What is the remainder when 94623 is divided by 3?
0
Calculate the remainder when 12286 is divided by 12179.
107
Calculate the remainder when 4967 is divided by 70.
67
Calculate the remainder when 3726 is divided by 300.
126
What is the remainder when 36112 is divided by 13?
11
Calculate the remainder when 32449 is divided by 11.
10
What is the remainder when 20350 is divided by 24?
22
What is the remainder when 1360 is divided by 189?
37
Calculate the remainder when 4164 is divided by 824.
44
Calculate the remainder when 2192 is divided by 43.
42
Calculate the remainder when 8435 is divided by 8416.
19
What is the remainder when 45166 is divided by 220?
66
What is the remainder when 1038440 is divided by 37?
35
Calculate the remainder when 90142 is divided by 313.
311
What is the remainder when 4008 is divided by 76?
56
Calculate the remainder when 2811 is divided by 200.
11
What is the remainder when 1246961 is divided by 5720?
1
Calculate the remainder when 34065 is divided by 668.
665
Calculate the remainder when 86561 is divided by 11.
2
What is the remainder when 13460 is divided by 3352?
52
What is the remainder when 2557 is divided by 221?
126
Calculate the remainder when 691 is divided by 196.
103
What is the remainder when 33608 is divided by 51?
50
What is the remainder when 491133 is divided by 102?
3
What is the remainder when 13942 is divided by 13928?
14
What is the remainder when 5397 is divided by 580?
177
What is the remainder when 3861 is divided by 49?
39
Calculate the remainder when 2652 is divided by 2642.
10
What is the remainder when 81072 is divided by 143?
134
What is the remainder when 570418 is divided by 570401?
17
Calculate the remainder when 16826 is divided by 259.
250
What is the remainder when 10447655 is divided by 493?
492
What is the remainder when 7549 is divided by 3736?
77
What is the remainder when 974 is divided by 570?
404
Calculate the remainder when 34335 is divided by 25.
10
What is the remainder when 1339 is divided by 135?
124
What is the remainder when 7367 is divided by 274?
243
Calculate the remainder when 8296 is divided by 1032.
40
What is the remainder when 101101 is divided by 89?
86
Calculate the remainder when 5295 is divided by 16.
15
What is the remainder when 28099 is divided by 639?
622
Calculate the remainder when 10515 is divided by 423.
363
Calculate the remainder when 288407 is divided by 49.
42
What is the remainder when 1237151 is divided by 6?
5
Calculate the remainder when 963306 is divided by 23.
20
What is the remainder when 74508 is divided by 48?
12
What is the remainder when 95748 is divided by 509?
56
Calculate the remainder when 9077 is divided by 32.
21
What is the remainder when 9330 is divided by 246?
228
Calculate the remainder when 4753 is divided by 605.
518
Calculate the remainder when 1067 is divided by 272.
251
Calculate the remainder when 12339 is divided by 12323.
16
What is the remainder when 11097 is divided by 604?
225
Calculate the remainder when 5469 is divided by 2709.
51
What is the remainder when 470025 is divided by 299?
296
Calculate the remainder when 67748 is divided by 203.
149
What is the remainder when 1744 is divided by 843?
58
What is the remainder when 87111 is divided by 144?
135
Calculate the remainder when 34580 is divided by 36.
20
What is the remainder when 17404 is divided by 295?
294
Calculate the remainder when 29389 is divided by 102.
13
What is the remainder when 3893287 is divided by 1692?
1687
What is the remainder when 11945 is divided by 802?
717
Calculate the remainder when 75920 is divided by 382.
284
Calculate the remainder when 15605 is divided by 110.
95
Calculate the remainder when 99904 is divided by 23.
15
What is the remainder when 1326387 is divided by 179?
176
What is the remainder when 353918 is divided by 164?
6
Calculate the remainder when 38700 is divided by 169.
168
What is the remainder when 19250 is divided by 30?
20
Calculate the remainder when 163551 is divided by 59.
3
Calculate the remainder when 12783 is divided by 345.
18
What is the remainder when 212623 is divided by 101?
18
Calculate the remainder when 324 is divided by 164.
160
What is the remainder when 2482 is divided by 334?
144
Calculate the remainder when 12833 is divided by 4273.
14
What is the remainder when 15001 is divided by 15?
1
Calculate the remainder when 49317 is divided by 822.
819
What is the remainder when 28374 is divided by 353?
134
What is the remainder when 17616 is divided by 767?
742
What is the remainder when 148666 is divided by 52?
50
Calculate the remainder when 177199 is divided by 29532.
7
What is the remainder when 22282 is divided by 202?
62
What is the remainder when 342880 is divided by 48982?